emainder when 513 is divided by 57?
0
Calculate the remainder when 92 is divided by 28.
8
What is the remainder when 4046 is divided by 54?
50
Calculate the remainder when 204 is divided by 5.
4
What is the remainder when 104 is divided by 25?
4
What is the remainder when 939 is divided by 94?
93
Calculate the remainder when 3759 is divided by 235.
234
What is the remainder when 2582 is divided by 859?
5
What is the remainder when 300 is divided by 18?
12
Calculate the remainder when 1142 is divided by 14.
8
What is the remainder when 906 is divided by 26?
22
What is the remainder when 52 is divided by 41?
11
Calculate the remainder when 39 is divided by 12.
3
What is the remainder when 658 is divided by 12?
10
Calculate the remainder when 4730 is divided by 52.
50
Calculate the remainder when 3347 is divided by 669.
2
What is the remainder when 175 is divided by 3?
1
What is the remainder when 322 is divided by 45?
7
What is the remainder when 640 is divided by 13?
3
What is the remainder when 620 is divided by 305?
10
What is the remainder when 120 is divided by 10?
0
Calculate the remainder when 113 is divided by 19.
18
What is the remainder when 134 is divided by 46?
42
Calculate the remainder when 170 is divided by 159.
11
Calculate the remainder when 1022 is divided by 11.
10
Calculate the remainder when 566 is divided by 128.
54
What is the remainder when 280 is divided by 79?
43
What is the remainder when 61 is divided by 4?
1
What is the remainder when 1230 is divided by 408?
6
Calculate the remainder when 2457 is divided by 407.
15
What is the remainder when 4345 is divided by 28?
5
Calculate the remainder when 258 is divided by 163.
95
What is the remainder when 1442 is divided by 37?
36
Calculate the remainder when 191 is divided by 73.
45
What is the remainder when 398 is divided by 29?
21
What is the remainder when 53 is divided by 10?
3
What is the remainder when 65 is divided by 42?
23
Calculate the remainder when 700 is divided by 32.
28
Calculate the remainder when 164 is divided by 13.
8
What is the remainder when 3798 is divided by 95?
93
What is the remainder when 1738 is divided by 15?
13
Calculate the remainder when 242 is divided by 49.
46
What is the remainder when 1970 is divided by 38?
32
Calculate the remainder when 430 is divided by 47.
7
What is the remainder when 58 is divided by 21?
16
What is the remainder when 294 is divided by 49?
0
What is the remainder when 253 is divided by 85?
83
Calculate the remainder when 339 is divided by 19.
16
What is the remainder when 2696 is divided by 100?
96
Calculate the remainder when 155 is divided by 14.
1
What is the remainder when 155 is divided by 53?
49
Calculate the remainder when 4659 is divided by 59.
57
Calculate the remainder when 8110 is divided by 16.
14
Calculate the remainder when 74 is divided by 50.
24
What is the remainder when 162 is divided by 44?
30
Calculate the remainder when 10151 is divided by 108.
107
What is the remainder when 155 is divided by 65?
25
Calculate the remainder when 241 is divided by 31.
24
What is the remainder when 236 is divided by 6?
2
Calculate the remainder when 4065 is divided by 140.
5
Calculate the remainder when 156 is divided by 8.
4
Calculate the remainder when 669 is divided by 26.
19
What is the remainder when 39 is divided by 21?
18
What is the remainder when 4899 is divided by 13?
11
Calculate the remainder when 6332 is divided by 33.
29
Calculate the remainder when 85 is divided by 22.
19
What is the remainder when 183 is divided by 38?
31
What is the remainder when 4343 is divided by 79?
77
What is the remainder when 121 is divided by 43?
35
Calculate the remainder when 376 is divided by 122.
10
What is the remainder when 86 is divided by 15?
11
What is the remainder when 186 is divided by 29?
12
Calculate the remainder when 110 is divided by 22.
0
Calculate the remainder when 180 is divided by 65.
50
What is the remainder when 150 is divided by 34?
14
What is the remainder when 15 is divided by 8?
7
What is the remainder when 147 is divided by 43?
18
Calculate the remainder when 3242 is divided by 50.
42
What is the remainder when 1256 is divided by 234?
86
Calculate the remainder when 1333 is divided by 58.
57
Calculate the remainder when 2278 is divided by 59.
36
What is the remainder when 856 is divided by 284?
4
What is the remainder when 282 is divided by 92?
6
Calculate the remainder when 50 is divided by 18.
14
Calculate the remainder when 107 is divided by 21.
2
What is the remainder when 314 is divided by 45?
44
What is the remainder when 1738 is divided by 33?
22
What is the remainder when 471 is divided by 158?
155
What is the remainder when 937 is divided by 23?
17
Calculate the remainder when 996 is divided by 84.
72
What is the remainder when 52 is divided by 11?
8
What is the remainder when 1493 is divided by 100?
93
What is the remainder when 313 is divided by 97?
22
What is the remainder when 91 is divided by 4?
3
Calculate the remainder when 882 is divided by 105.
42
What is the remainder when 461 is divided by 21?
20
Calculate the remainder when 863 is divided by 72.
71
Calculate the remainder when 1742 is divided by 110.
92
What is the remainder when 335 is divided by 42?
41
What is the remainder when 307 is divided by 77?
76
What is the remainder when 169 is divided by 151?
18
What is the remainder when 1535 is divided by 29?
27
Calculate the remainder when 271 is divided by 34.
33
Calculate the remainder when 50 is divided by 8.
2
Calculate the remainder when 247 is divided by 25.
22
What is the remainder when 482 is divided by 452?
30
What is the remainder when 5 is divided by 3?
2
Calculate the remainder when 604 is divided by 123.
112
Calculate the remainder when 13 is divided by 10.
3
Calculate the remainder when 196 is divided by 20.
16
Calculate the remainder when 160 is divided by 38.
8
What is the remainder when 342 is divided by 24?
6
Calculate the remainder when 1388 is divided by 269.
43
Calculate the remainder when 140 is divided by 72.
68
What is the remainder when 440 is divided by 76?
60
What is the remainder when 97 is divided by 40?
17
What is the remainder when 50 is divided by 17?
16
What is the remainder when 300 is divided by 54?
30
Calculate the remainder when 3564 is divided by 21.
15
Calculate the remainder when 282 is divided by 25.
7
What is the remainder when 3237 is divided by 15?
12
Calculate the remainder when 88 is divided by 70.
18
Calculate the remainder when 907 is divided by 885.
22
Calculate the remainder when 169 is divided by 88.
81
What is the remainder when 197 is divided by 40?
37
What is the remainder when 1466 is divided by 98?
94
What is the remainder when 88 is divided by 12?
4
What is the remainder when 339 is divided by 160?
19
What is the remainder when 3786 is divided by 26?
16
Calculate the remainder when 428 is divided by 144.
140
What is the remainder when 51 is divided by 14?
9
Calculate the remainder when 183 is divided by 50.
33
What is the remainder when 77 is divided by 32?
13
What is the remainder when 266 is divided by 28?
14
What is the remainder when 592 is divided by 33?
31
Calculate the remainder when 195 is divided by 14.
13
Calculate the remainder when 229 is divided by 34.
25
What is the remainder when 1081 is divided by 222?
193
What is the remainder when 155 is divided by 52?
51
What is the remainder when 315 is divided by 132?
51
Calculate the remainder when 59 is divided by 30.
29
What is the remainder when 118 is divided by 65?
53
What is the remainder when 566 is divided by 181?
23
Calculate the remainder when 54338 is divided by 65.
63
What is the remainder when 3670 is divided by 18?
16
What is the remainder when 532 is divided by 21?
7
What is the remainder when 272 is divided by 75?
47
What is the remainder when 674 is divided by 39?
11
What is the remainder when 789 is divided by 10?
9
Calculate the remainder when 587 is divided by 13.
2
What is the remainder when 3779 is divided by 39?
35
Calculate the remainder when 388 is divided by 98.
94
What is the remainder when 883 is divided by 423?
37
What is the remainder when 147 is divided by 37?
36
What is the remainder when 341 is divided by 58?
51
Calculate the rema